 Let h = 177 - f. List the prime factors of h.
2, 5
Let f = -51 + 73. Suppose -44*w = -46*w + f. Suppose -j = -1 - w. List the prime factors of j.
2, 3
Let m(n) = -801*n - 6761. What are the prime factors of m(-29)?
2, 23, 179
Suppose -258265 = -22*c - 92456 + 495973. List the prime factors of c.
3, 37, 271
Suppose -11*z + 0 + 22 = 0. Suppose 0 = -3*m + s + 566, -190 = z*m + 2*s - 570. What are the prime factors of m?
3, 7
Suppose 15*h - 90 = -3*h. Let m(d) = 2*d - 3. Let l be m(4). Suppose l*j + 336 = 7*j + f, 0 = -h*f + 10. What are the prime factors of j?
167
Let n(c) = c**3 - 2*c**2 - 2*c + 5. Let u be n(0). Suppose -2*t - 2*w + 558 = 2*w, u*w + 513 = 2*t. What are the prime factors of t?
269
Let y(d) = -444*d + 232. What are the prime factors of y(-35)?
2, 3943
Let n be (-4)/26 - (-240)/208. List the prime factors of 1 - (n - 0) - (-476 - 24).
2, 5
Let c(i) = 14*i + 3. Let s be c(2). Let k(n) = 2 + s*n + 4 - 18*n. What are the prime factors of k(3)?
3, 5
Suppose -28*f + 632978 = -11*f. What are the prime factors of f?
2, 18617
Suppose 0 = -3*g - 0*h - 2*h + 242, -168 = -2*g - 3*h. Suppose 3*q - 76 = -2*u, -23 = -4*q - u + 85. Let c = g - q. List the prime factors of c.
2, 5
Suppose -1441*k = -1433*k - 119112. List the prime factors of k.
3, 7, 709
Let m = -662 - -460. Let y = m + 343. What are the prime factors of y?
3, 47
Let v be -4 - (-2)/((-2)/11). Let a be 252/135 + (-2)/v. Suppose -11*q + a*q + 315 = 0. List the prime factors of q.
5, 7
Let x be ((-16)/3 + 5)/((-4)/36). Suppose -1698 = -0*z - x*z - 3*v, 4*z + 2*v - 2260 = 0. List the prime factors of z.
2, 3, 47
Let n be (1 + (-2)/4)*32. Suppose 2*s = -3*a + n, 3*a - s + 4*s = 18. List the prime factors of (-598)/(-13)*10/a.
5, 23
Let k be 38/((-56)/(-35) - (-4)/10). Suppose -9*d = k - 64. Suppose -d*j + 442 = -3*j. What are the prime factors of j?
13, 17
Suppose -4*h - 443 = -5*i, 4*h + 4*i + 0*i + 488 = 0. Let w = h + 237. Suppose -2*p = -4*p + w. What are the prime factors of p?
2, 3, 5
Suppose 14971 + 19217 = 9*o - 16248. What are the prime factors of o?
2, 3, 467
Let k(b) = 742*b**2 - 730*b**2 - 42*b + 52*b - b**3 - 11. Suppose -2*m = m - 12. List the prime factors of k(m).
157
Let b = -99 - -44. Let t be (222/(-8))/((-9)/(-36)). Let x = b - t. List the prime factors of x.
2, 7
Let z(k) = 2*k**2 - 12*k + 6. Let f be z(5). List the prime factors of f/7 + 76736/224.
2, 3, 19
Let p be (-4 - 3)*8/(-2). Suppose 0 = p*z - 30*z + 100. Suppose n - z = -7. What are the prime factors of n?
43
Suppose -w + 5*i = -867, -3*w = -0*w - 2*i - 2614. Let b = w + -505. List the prime factors of b.
367
Let l = 176 + -182. List the prime factors of (-1)/(((-2)/(-8))/(228/l)).
2, 19
Suppose 5*d + 1630 + 140 = 0. Let v = d - -898. Suppose 21*x - 25*x = -v. List the prime factors of x.
2, 17
Let t be 592/28 - 18/(-21). Suppose 0*k + t*k = 5500. What are the prime factors of k?
2, 5
Let v be (-1 + -2)/((-3)/1653) + -1. Let g = v + -1029. Suppose -g = 2*o - 9*o. List the prime factors of o.
89
What are the prime factors of 1 + (9 - 4) + 47244/6?
2, 5, 197
Let p = -99 + 95. What are the prime factors of 3/p*-746 - (-1)/2?
2, 5, 7
Let z(u) = -12*u - 19. Let m(s) = -72*s - 128. Let t(k) = 24*k + 43. Let c(x) = -6*m(x) - 17*t(x). Let h(v) = 4*c(v) + 9*z(v). List the prime factors of h(-6).
7
Suppose 3*h + 31*a - 33*a = -4, 5*h + 11 = -a. List the prime factors of 4/h*(2 + 4524/(-24)).
373
Let k = 70489 + -40345. What are the prime factors of k?
2, 3, 157
Suppose 23*b + 1260441 = 212*b. What are the prime factors of b?
3, 13, 19
Suppose 4*t + 24 - 112 = 0. Let u(r) = 36*r**3 - r**2 - r + 1. Let o be u(1). Let p = t + o. What are the prime factors of p?
3, 19
Let h(a) = -83*a - 76. Suppose -13*t - 76 - 54 = 0. What are the prime factors of h(t)?
2, 13, 29
What are the prime factors of (23 - 14 - -4) + 15226?
7, 311
Let b be -4*1 + -12 + 10. What are the prime factors of 6 - (-4 + -424 - b)?
2, 107
Let m(q) = 370*q**2 - 981*q - 12. List the prime factors of m(16).
2, 19753
Suppose -4 = -2*c, 30*u - 7*c = 34*u - 17634. What are the prime factors of u?
5, 881
Let i(o) = -19689*o + 1025. What are the prime factors of i(-2)?
11, 3673
Let k = 34510 + -16676. List the prime factors of k.
2, 37, 241
Let q be 3/((-2)/(10/(-5))). Suppose -q*a + 619 = 4*l, 0 = 5*a + 4*l - 3*l - 1026. Let u = a - 96. List the prime factors of u.
109
Let d = 159 - 145. Suppose -d = -c + 177. List the prime factors of c.
191
Let c(j) = j**3 + 24*j**2 - 8*j + 9. Let x = -64 + 63. Let s be (-68)/51*x/((-1)/18). List the prime factors of c(s).
3, 67
Let h = -8659 - -9948. List the prime factors of h.
1289
Suppose 131 + 63 = k - 4*f, -k = 3*f - 180. Suppose 36*u - 30*u = k. List the prime factors of u.
31
Let g(m) = -6*m**3 + 23*m**2 + 55*m + 85. List the prime factors of g(-18).
41539
Suppose 10528 = 26*f - 145446. What are the prime factors of f?
7, 857
Let t(u) = 203*u + 3*u**2 - 89*u - 47 - 97*u. What are the prime factors of t(-14)?
3, 101
Let f(i) = 8*i**2 - 72*i. Let n be f(9). List the prime factors of (-3 - n)*(-9 + -402).
3, 137
Suppose 566*o = 563*o + 21828. What are the prime factors of o?
2, 17, 107
Suppose 5*r + 66 - 276 = -4*y, -4*y = 20. Let w = 46 - r. Suppose w = 28*a - 29*a + 169. List the prime factors of a.
13
Suppose 102 - 22 = -8*j. Let t(z) = z**3 + 10*z**2 + z + 12. Let w be t(j). What are the prime factors of 8 + w + -3 + 4/(-2)?
5
Suppose -2*w = -3*q - 7*w - 1409, -4 = 4*w. What are the prime factors of (q/65)/(-9) - (-8671)/5?
5, 347
Suppose -3*i = 11*i - 28. Suppose -s = -q + 729, -i*s = q + 153 - 894. List the prime factors of q.
733
Let q(z) = -z**3 + 13*z**2 + z - 24. Let w(l) = -7*l + 80. Let c be w(17). Let v = c - -51. What are the prime factors of q(v)?
2, 3, 11
Let j = -244 + 258. Let w(a) = a**2 + 8*a - 10. What are the prime factors of w(j)?
2, 149
List the prime factors of (130940/(-11))/((-58)/319).
2, 5, 6547
Suppose -3*t - 3*p + 663 + 411 = 0, -3*t = 2*p - 1076. List the prime factors of t.
2, 3, 5
Let t = 82 + 5. Let p = t + 69. What are the prime factors of p?
2, 3, 13
List the prime factors of (-1)/(-3) + (-928312)/(-42).
23, 31
Suppose -b = -4*b - 2*y - 169, -4*b - 256 = -5*y. Let s = b + 59. Suppose 0 = -4*a - 0*w + w + 276, s = 3*w. What are the prime factors of a?
3, 23
Suppose 0 = 26*m - 909117 + 238369. What are the prime factors of m?
2, 12899
List the prime factors of (3 - 7)/(188/(-393343)).
8369
List the prime factors of (-2 - 1) + 3 - (11 - 5339 - 13).
7, 109
Suppose s = -245 - 2. Let i = s + 387. Suppose 0 = 5*j - 230 - i. What are the prime factors of j?
2, 37
Let s(h) = 4*h**3 - 8*h**2 + 3*h - 4. Let x be s(3). Suppose -x*y = -27*y - 5852. List the prime factors of y.
2, 11, 19
What are the prime factors of (-2*90900/(-140))/(6/56)?
2, 3, 5, 101
Suppose -4*g - 973173 = -0*g + 3*s, -5*s = -5. List the prime factors of g/(-598) - 4/(-26).
11, 37
Let q = -3760 - -10732. Suppose -q = 8*j - 22*j. List the prime factors of j.
2, 3, 83
Let t(s) = 2*s**2 - 17*s + 21. Let y(r) = -13*r**2 - 10*r**2 - 18*r + 26*r**2 + 21. Let z(x) = -4*t(x) + 3*y(x). What are the prime factors of z(-16)?
11
Suppose 25662 = -113*y + 115*y. List the prime factors of y.
3, 7, 13, 47
Let t = -17 + 42. Let g = t + -26. What are the prime factors of g - 1 - (7 - 12)?
3
Let y be (4 + -5)*2/2. Let g be 0/y*(-10 - -11). List the prime factors of 2 - g - (6 - 39).
5, 7
Suppose -3*q - 4*k = 0, -7 = 5*q - k - 30. Suppose -4*p = 4*m - 2 - 14, -5*m + q = -3*p. List the prime factors of (((-2656)/(-12))/(-4))/(m/(-6)).
2, 83
Suppose h = -1, 2*h - 323 = -3*b - 2*b. Suppose -548 - 289 = -9*z. Let y = z - b. What are the prime factors of y?
2, 7
Let x(n) = 446*n**2 - 14*n - 5. What are the prime factors of x(3)?
3967
Suppose 1018 = -2*t + 5*j + 6551, -3*j + 5477 = 2*t. What are the prime factors of t?
2749
Let o(r) = -28*r**3 + 12*r**2 - 9*r - 7. Let u be o(-7). Suppose 148*b = 136*b + u. What are the prime factors of b?
2, 7, 61
Suppose 0 = 56*v - 48*v - 58640. Suppose 15*b - v - 7595 = 0. List the prime factors of b.
5, 199
Suppose 152512 = 138*g - 713616 - 24938. What are the prime factors of g?
11, 587
Let w(s) = 8882*s + 1772. List the prime factors of w(3).
2, 13, 1093
Suppose 0 = g - 2*m - 4061, -4*m = 11*g - 10938 - 